{"id":1332,"date":"2025-02-06T12:44:12","date_gmt":"2025-02-06T11:44:12","guid":{"rendered":"https:\/\/cm-castelo-paiva-pro.globalskillmind.pt\/portal-turismo\/?page_id=1332"},"modified":"2025-06-06T15:57:24","modified_gmt":"2025-06-06T14:57:24","slug":"romaria-de-sta-eufemia","status":"publish","type":"page","link":"https:\/\/cm-castelo-paiva-pro.globalskillmind.pt\/portal-turismo\/experiencias\/eventos\/eventos-anuais-de-referencia\/romaria-de-sta-eufemia\/","title":{"rendered":"Romaria de Sta. Euf\u00e9mia"},"content":{"rendered":"<p style=\"text-align: right\"><strong><em>Entre a f\u00e9 e o sabor, uma tradi\u00e7\u00e3o que perdura<\/em><\/strong><\/p>\n<p>A Romaria de Santa Euf\u00e9mia, celebrada anualmente nos dias 14, 15 e 16 de setembro, \u00e9 uma das mais emblem\u00e1ticas festas populares de Castelo de Paiva, tendo lugar na freguesia de Para\u00edso. Com ra\u00edzes medievais, esta celebra\u00e7\u00e3o combina o culto religioso com um ambiente festivo e de conv\u00edvio, atraindo milhares de romeiros e visitantes de todo o pa\u00eds.<\/p>\n<p>Para al\u00e9m das cerim\u00f3nias religiosas, a romaria destaca-se pela tradicional feira de gado bovino, heran\u00e7a de tempos antigos, e por um animado programa de m\u00fasica popular, dan\u00e7a e atividades culturais ao longo dos tr\u00eas dias.<\/p>\n<p>A gastronomia local assume tamb\u00e9m um papel central, com especial destaque para o famoso Bife \u00e0 Romaria (ou Bife \u00e0 Santa Euf\u00e9mia), confecionado com carne arouquesa, acompanhado por outros sabores regionais que fazem desta festa um verdadeiro festival de sentidos.<\/p>\n<p>Mais do que uma celebra\u00e7\u00e3o, a Romaria de Santa Euf\u00e9mia \u00e9 um momento de encontro da comunidade, onde tradi\u00e7\u00e3o, devo\u00e7\u00e3o e alegria popular se unem num ambiente \u00fanico que honra o passado e refor\u00e7a a identidade cultural da regi\u00e3o.<\/p>\n<p>Participe nesta romaria \u00fanica e descubra o que torna Santa Euf\u00e9mia t\u00e3o especial.<\/p>\n","protected":false},"excerpt":{"rendered":"<p>Entre a f\u00e9 e o sabor, uma tradi\u00e7\u00e3o que perdura A Romaria de Santa Euf\u00e9mia, celebrada anualmente nos dias 14, 15 e 16 de setembro, \u00e9 uma das mais emblem\u00e1ticas festas populares de Castelo de Paiva, tendo lugar na freguesia de Para\u00edso. Com ra\u00edzes medievais, esta celebra\u00e7\u00e3o combina o culto religioso com um ambiente festivo [&hellip;]<\/p>\n","protected":false},"author":1,"featured_media":0,"parent":1322,"menu_order":0,"comment_status":"closed","ping_status":"closed","template":"templates-map\/component-text-layout1.php","meta":{"_acf_changed":false,"footnotes":""},"class_list":["post-1332","page","type-page","status-publish","hentry"],"acf":[],"yoast_head":"<!-- This site is optimized with the Yoast SEO plugin v22.9 - https:\/\/yoast.com\/wordpress\/plugins\/seo\/ -->\n<title>Romaria de Sta. Euf\u00e9mia - Portal Turismo C\u00e2mara Municipal de Castelo de Paiva<\/title>\n<meta name=\"robots\" content=\"noindex, follow, max-snippet:-1, max-image-preview:large, max-video-preview:-1\" \/>\n<meta property=\"og:locale\" content=\"pt_PT\" \/>\n<meta property=\"og:type\" content=\"article\" \/>\n<meta property=\"og:title\" content=\"Romaria de Sta. Euf\u00e9mia - Portal Turismo C\u00e2mara Municipal de Castelo de Paiva\" \/>\n<meta property=\"og:description\" content=\"Entre a f\u00e9 e o sabor, uma tradi\u00e7\u00e3o que perdura A Romaria de Santa Euf\u00e9mia, celebrada anualmente nos dias 14, 15 e 16 de setembro, \u00e9 uma das mais emblem\u00e1ticas festas populares de Castelo de Paiva, tendo lugar na freguesia de Para\u00edso. Com ra\u00edzes medievais, esta celebra\u00e7\u00e3o combina o culto religioso com um ambiente festivo [&hellip;]\" \/>\n<meta property=\"og:url\" content=\"https:\/\/cm-castelo-paiva-pro.globalskillmind.pt\/portal-turismo\/experiencias\/eventos\/eventos-anuais-de-referencia\/romaria-de-sta-eufemia\/\" \/>\n<meta property=\"og:site_name\" content=\"Portal Turismo C\u00e2mara Municipal de Castelo de Paiva\" \/>\n<meta property=\"article:modified_time\" content=\"2025-06-06T14:57:24+00:00\" \/>\n<meta name=\"twitter:card\" content=\"summary_large_image\" \/>\n<meta name=\"twitter:label1\" content=\"Tempo estimado de leitura\" \/>\n\t<meta name=\"twitter:data1\" content=\"2 minutos\" \/>\n<script type=\"application\/ld+json\" class=\"yoast-schema-graph\">{\"@context\":\"https:\/\/schema.org\",\"@graph\":[{\"@type\":\"WebPage\",\"@id\":\"https:\/\/cm-castelo-paiva-pro.globalskillmind.pt\/portal-turismo\/experiencias\/eventos\/eventos-anuais-de-referencia\/romaria-de-sta-eufemia\/\",\"url\":\"https:\/\/cm-castelo-paiva-pro.globalskillmind.pt\/portal-turismo\/experiencias\/eventos\/eventos-anuais-de-referencia\/romaria-de-sta-eufemia\/\",\"name\":\"Romaria de Sta. Euf\u00e9mia - Portal Turismo C\u00e2mara Municipal de Castelo de Paiva\",\"isPartOf\":{\"@id\":\"https:\/\/cm-castelo-paiva-pro.globalskillmind.pt\/portal-turismo\/#website\"},\"datePublished\":\"2025-02-06T11:44:12+00:00\",\"dateModified\":\"2025-06-06T14:57:24+00:00\",\"breadcrumb\":{\"@id\":\"https:\/\/cm-castelo-paiva-pro.globalskillmind.pt\/portal-turismo\/experiencias\/eventos\/eventos-anuais-de-referencia\/romaria-de-sta-eufemia\/#breadcrumb\"},\"inLanguage\":\"pt-PT\",\"potentialAction\":[{\"@type\":\"ReadAction\",\"target\":[\"https:\/\/cm-castelo-paiva-pro.globalskillmind.pt\/portal-turismo\/experiencias\/eventos\/eventos-anuais-de-referencia\/romaria-de-sta-eufemia\/\"]}]},{\"@type\":\"BreadcrumbList\",\"@id\":\"https:\/\/cm-castelo-paiva-pro.globalskillmind.pt\/portal-turismo\/experiencias\/eventos\/eventos-anuais-de-referencia\/romaria-de-sta-eufemia\/#breadcrumb\",\"itemListElement\":[{\"@type\":\"ListItem\",\"position\":1,\"name\":\"In\u00edcio\",\"item\":\"https:\/\/cm-castelo-paiva-pro.globalskillmind.pt\/portal-turismo\/\"},{\"@type\":\"ListItem\",\"position\":2,\"name\":\"Experi\u00eancias\",\"item\":\"https:\/\/cm-castelo-paiva-pro.globalskillmind.pt\/portal-turismo\/experiencias\/\"},{\"@type\":\"ListItem\",\"position\":3,\"name\":\"Eventos\",\"item\":\"https:\/\/cm-castelo-paiva-pro.globalskillmind.pt\/portal-turismo\/experiencias\/eventos\/\"},{\"@type\":\"ListItem\",\"position\":4,\"name\":\"Eventos anuais de refer\u00eancia\",\"item\":\"https:\/\/cm-castelo-paiva-pro.globalskillmind.pt\/portal-turismo\/experiencias\/eventos\/eventos-anuais-de-referencia\/\"},{\"@type\":\"ListItem\",\"position\":5,\"name\":\"Romaria de Sta. Euf\u00e9mia\"}]},{\"@type\":\"WebSite\",\"@id\":\"https:\/\/cm-castelo-paiva-pro.globalskillmind.pt\/portal-turismo\/#website\",\"url\":\"https:\/\/cm-castelo-paiva-pro.globalskillmind.pt\/portal-turismo\/\",\"name\":\"Portal Turismo C\u00e2mara Municipal de Castelo de Paiva\",\"description\":\"\",\"potentialAction\":[{\"@type\":\"SearchAction\",\"target\":{\"@type\":\"EntryPoint\",\"urlTemplate\":\"https:\/\/cm-castelo-paiva-pro.globalskillmind.pt\/portal-turismo\/?s={search_term_string}\"},\"query-input\":\"required name=search_term_string\"}],\"inLanguage\":\"pt-PT\"}]}<\/script>\n<!-- \/ Yoast SEO plugin. -->","yoast_head_json":{"title":"Romaria de Sta. Euf\u00e9mia - Portal Turismo C\u00e2mara Municipal de Castelo de Paiva","robots":{"index":"noindex","follow":"follow","max-snippet":"max-snippet:-1","max-image-preview":"max-image-preview:large","max-video-preview":"max-video-preview:-1"},"og_locale":"pt_PT","og_type":"article","og_title":"Romaria de Sta. Euf\u00e9mia - Portal Turismo C\u00e2mara Municipal de Castelo de Paiva","og_description":"Entre a f\u00e9 e o sabor, uma tradi\u00e7\u00e3o que perdura A Romaria de Santa Euf\u00e9mia, celebrada anualmente nos dias 14, 15 e 16 de setembro, \u00e9 uma das mais emblem\u00e1ticas festas populares de Castelo de Paiva, tendo lugar na freguesia de Para\u00edso. Com ra\u00edzes medievais, esta celebra\u00e7\u00e3o combina o culto religioso com um ambiente festivo [&hellip;]","og_url":"https:\/\/cm-castelo-paiva-pro.globalskillmind.pt\/portal-turismo\/experiencias\/eventos\/eventos-anuais-de-referencia\/romaria-de-sta-eufemia\/","og_site_name":"Portal Turismo C\u00e2mara Municipal de Castelo de Paiva","article_modified_time":"2025-06-06T14:57:24+00:00","twitter_card":"summary_large_image","twitter_misc":{"Tempo estimado de leitura":"2 minutos"},"schema":{"@context":"https:\/\/schema.org","@graph":[{"@type":"WebPage","@id":"https:\/\/cm-castelo-paiva-pro.globalskillmind.pt\/portal-turismo\/experiencias\/eventos\/eventos-anuais-de-referencia\/romaria-de-sta-eufemia\/","url":"https:\/\/cm-castelo-paiva-pro.globalskillmind.pt\/portal-turismo\/experiencias\/eventos\/eventos-anuais-de-referencia\/romaria-de-sta-eufemia\/","name":"Romaria de Sta. Euf\u00e9mia - Portal Turismo C\u00e2mara Municipal de Castelo de Paiva","isPartOf":{"@id":"https:\/\/cm-castelo-paiva-pro.globalskillmind.pt\/portal-turismo\/#website"},"datePublished":"2025-02-06T11:44:12+00:00","dateModified":"2025-06-06T14:57:24+00:00","breadcrumb":{"@id":"https:\/\/cm-castelo-paiva-pro.globalskillmind.pt\/portal-turismo\/experiencias\/eventos\/eventos-anuais-de-referencia\/romaria-de-sta-eufemia\/#breadcrumb"},"inLanguage":"pt-PT","potentialAction":[{"@type":"ReadAction","target":["https:\/\/cm-castelo-paiva-pro.globalskillmind.pt\/portal-turismo\/experiencias\/eventos\/eventos-anuais-de-referencia\/romaria-de-sta-eufemia\/"]}]},{"@type":"BreadcrumbList","@id":"https:\/\/cm-castelo-paiva-pro.globalskillmind.pt\/portal-turismo\/experiencias\/eventos\/eventos-anuais-de-referencia\/romaria-de-sta-eufemia\/#breadcrumb","itemListElement":[{"@type":"ListItem","position":1,"name":"In\u00edcio","item":"https:\/\/cm-castelo-paiva-pro.globalskillmind.pt\/portal-turismo\/"},{"@type":"ListItem","position":2,"name":"Experi\u00eancias","item":"https:\/\/cm-castelo-paiva-pro.globalskillmind.pt\/portal-turismo\/experiencias\/"},{"@type":"ListItem","position":3,"name":"Eventos","item":"https:\/\/cm-castelo-paiva-pro.globalskillmind.pt\/portal-turismo\/experiencias\/eventos\/"},{"@type":"ListItem","position":4,"name":"Eventos anuais de refer\u00eancia","item":"https:\/\/cm-castelo-paiva-pro.globalskillmind.pt\/portal-turismo\/experiencias\/eventos\/eventos-anuais-de-referencia\/"},{"@type":"ListItem","position":5,"name":"Romaria de Sta. Euf\u00e9mia"}]},{"@type":"WebSite","@id":"https:\/\/cm-castelo-paiva-pro.globalskillmind.pt\/portal-turismo\/#website","url":"https:\/\/cm-castelo-paiva-pro.globalskillmind.pt\/portal-turismo\/","name":"Portal Turismo C\u00e2mara Municipal de Castelo de Paiva","description":"","potentialAction":[{"@type":"SearchAction","target":{"@type":"EntryPoint","urlTemplate":"https:\/\/cm-castelo-paiva-pro.globalskillmind.pt\/portal-turismo\/?s={search_term_string}"},"query-input":"required name=search_term_string"}],"inLanguage":"pt-PT"}]}},"_links":{"self":[{"href":"https:\/\/cm-castelo-paiva-pro.globalskillmind.pt\/portal-turismo\/wp-json\/wp\/v2\/pages\/1332"}],"collection":[{"href":"https:\/\/cm-castelo-paiva-pro.globalskillmind.pt\/portal-turismo\/wp-json\/wp\/v2\/pages"}],"about":[{"href":"https:\/\/cm-castelo-paiva-pro.globalskillmind.pt\/portal-turismo\/wp-json\/wp\/v2\/types\/page"}],"author":[{"embeddable":true,"href":"https:\/\/cm-castelo-paiva-pro.globalskillmind.pt\/portal-turismo\/wp-json\/wp\/v2\/users\/1"}],"replies":[{"embeddable":true,"href":"https:\/\/cm-castelo-paiva-pro.globalskillmind.pt\/portal-turismo\/wp-json\/wp\/v2\/comments?post=1332"}],"version-history":[{"count":5,"href":"https:\/\/cm-castelo-paiva-pro.globalskillmind.pt\/portal-turismo\/wp-json\/wp\/v2\/pages\/1332\/revisions"}],"predecessor-version":[{"id":2767,"href":"https:\/\/cm-castelo-paiva-pro.globalskillmind.pt\/portal-turismo\/wp-json\/wp\/v2\/pages\/1332\/revisions\/2767"}],"up":[{"embeddable":true,"href":"https:\/\/cm-castelo-paiva-pro.globalskillmind.pt\/portal-turismo\/wp-json\/wp\/v2\/pages\/1322"}],"wp:attachment":[{"href":"https:\/\/cm-castelo-paiva-pro.globalskillmind.pt\/portal-turismo\/wp-json\/wp\/v2\/media?parent=1332"}],"curies":[{"name":"wp","href":"https:\/\/api.w.org\/{rel}","templated":true}]}}