{"id":1324,"date":"2025-02-06T12:42:59","date_gmt":"2025-02-06T11:42:59","guid":{"rendered":"https:\/\/cm-castelo-paiva-pro.globalskillmind.pt\/portal-turismo\/?page_id=1324"},"modified":"2025-06-06T15:07:53","modified_gmt":"2025-06-06T14:07:53","slug":"feira-do-vinho-verde-do-lavrador-gastronomia-e-artesanato","status":"publish","type":"page","link":"https:\/\/cm-castelo-paiva-pro.globalskillmind.pt\/portal-turismo\/experiencias\/eventos\/eventos-anuais-de-referencia\/feira-do-vinho-verde-do-lavrador-gastronomia-e-artesanato\/","title":{"rendered":"Feira do Vinho Verde, do Lavrador, Gastronomia e Artesanato"},"content":{"rendered":"<p style=\"text-align: right\"><strong><em>Tradi\u00e7\u00e3o que se prova. Cultura que se vive.<\/em><\/strong><\/p>\n<p>A Feira do Vinho Verde, do Lavrador, Gastronomia e Artesanato \u00e9 um dos eventos de maior destaque em Castelo de Paiva, celebrando o que de melhor se produz e vive no concelho. Realizada anualmente no emblem\u00e1tico Largo do Conde, em Sobrado, decorre no primeiro fim de semana de julho e atrai milhares de visitantes.<\/p>\n<p>Durante tr\u00eas dias, os principais produtores e engarrafadores de Vinho Verde da regi\u00e3o d\u00e3o a provar o fruto do seu trabalho, acompanhados por artes\u00e3os locais e restaurantes que enchem o recinto com os sabores aut\u00eanticos da gastronomia paivense \u2014 dos petiscos t\u00edpicos aos doces tradicionais, passando pelos pratos mais emblem\u00e1ticos.<\/p>\n<p>Mais do que uma feira, este \u00e9 um verdadeiro encontro de cultura, tradi\u00e7\u00e3o e conv\u00edvio, animado por um programa diversificado que inclui folclore, m\u00fasica popular e diversas manifesta\u00e7\u00f5es culturais.<\/p>\n<p>Em julho, levante o copo e junte-se \u00e0 festa \u2014 Castelo de Paiva espera por si.<\/p>\n","protected":false},"excerpt":{"rendered":"<p>Tradi\u00e7\u00e3o que se prova. Cultura que se vive. A Feira do Vinho Verde, do Lavrador, Gastronomia e Artesanato \u00e9 um dos eventos de maior destaque em Castelo de Paiva, celebrando o que de melhor se produz e vive no concelho. Realizada anualmente no emblem\u00e1tico Largo do Conde, em Sobrado, decorre no primeiro fim de semana [&hellip;]<\/p>\n","protected":false},"author":1,"featured_media":0,"parent":1322,"menu_order":0,"comment_status":"closed","ping_status":"closed","template":"templates-map\/component-text-layout1.php","meta":{"_acf_changed":false,"footnotes":""},"class_list":["post-1324","page","type-page","status-publish","hentry"],"acf":[],"yoast_head":"<!-- This site is optimized with the Yoast SEO plugin v22.9 - https:\/\/yoast.com\/wordpress\/plugins\/seo\/ -->\n<title>Feira do Vinho Verde, do Lavrador, Gastronomia e Artesanato - Portal Turismo C\u00e2mara Municipal de Castelo de Paiva<\/title>\n<meta name=\"robots\" content=\"noindex, follow, max-snippet:-1, max-image-preview:large, max-video-preview:-1\" \/>\n<meta property=\"og:locale\" content=\"pt_PT\" \/>\n<meta property=\"og:type\" content=\"article\" \/>\n<meta property=\"og:title\" content=\"Feira do Vinho Verde, do Lavrador, Gastronomia e Artesanato - Portal Turismo C\u00e2mara Municipal de Castelo de Paiva\" \/>\n<meta property=\"og:description\" content=\"Tradi\u00e7\u00e3o que se prova. Cultura que se vive. A Feira do Vinho Verde, do Lavrador, Gastronomia e Artesanato \u00e9 um dos eventos de maior destaque em Castelo de Paiva, celebrando o que de melhor se produz e vive no concelho. Realizada anualmente no emblem\u00e1tico Largo do Conde, em Sobrado, decorre no primeiro fim de semana [&hellip;]\" \/>\n<meta property=\"og:url\" content=\"https:\/\/cm-castelo-paiva-pro.globalskillmind.pt\/portal-turismo\/experiencias\/eventos\/eventos-anuais-de-referencia\/feira-do-vinho-verde-do-lavrador-gastronomia-e-artesanato\/\" \/>\n<meta property=\"og:site_name\" content=\"Portal Turismo C\u00e2mara Municipal de Castelo de Paiva\" \/>\n<meta property=\"article:modified_time\" content=\"2025-06-06T14:07:53+00:00\" \/>\n<meta name=\"twitter:card\" content=\"summary_large_image\" \/>\n<meta name=\"twitter:label1\" content=\"Tempo estimado de leitura\" \/>\n\t<meta name=\"twitter:data1\" content=\"1 minuto\" \/>\n<script type=\"application\/ld+json\" class=\"yoast-schema-graph\">{\"@context\":\"https:\/\/schema.org\",\"@graph\":[{\"@type\":\"WebPage\",\"@id\":\"https:\/\/cm-castelo-paiva-pro.globalskillmind.pt\/portal-turismo\/experiencias\/eventos\/eventos-anuais-de-referencia\/feira-do-vinho-verde-do-lavrador-gastronomia-e-artesanato\/\",\"url\":\"https:\/\/cm-castelo-paiva-pro.globalskillmind.pt\/portal-turismo\/experiencias\/eventos\/eventos-anuais-de-referencia\/feira-do-vinho-verde-do-lavrador-gastronomia-e-artesanato\/\",\"name\":\"Feira do Vinho Verde, do Lavrador, Gastronomia e Artesanato - Portal Turismo C\u00e2mara Municipal de Castelo de Paiva\",\"isPartOf\":{\"@id\":\"https:\/\/cm-castelo-paiva-pro.globalskillmind.pt\/portal-turismo\/#website\"},\"datePublished\":\"2025-02-06T11:42:59+00:00\",\"dateModified\":\"2025-06-06T14:07:53+00:00\",\"breadcrumb\":{\"@id\":\"https:\/\/cm-castelo-paiva-pro.globalskillmind.pt\/portal-turismo\/experiencias\/eventos\/eventos-anuais-de-referencia\/feira-do-vinho-verde-do-lavrador-gastronomia-e-artesanato\/#breadcrumb\"},\"inLanguage\":\"pt-PT\",\"potentialAction\":[{\"@type\":\"ReadAction\",\"target\":[\"https:\/\/cm-castelo-paiva-pro.globalskillmind.pt\/portal-turismo\/experiencias\/eventos\/eventos-anuais-de-referencia\/feira-do-vinho-verde-do-lavrador-gastronomia-e-artesanato\/\"]}]},{\"@type\":\"BreadcrumbList\",\"@id\":\"https:\/\/cm-castelo-paiva-pro.globalskillmind.pt\/portal-turismo\/experiencias\/eventos\/eventos-anuais-de-referencia\/feira-do-vinho-verde-do-lavrador-gastronomia-e-artesanato\/#breadcrumb\",\"itemListElement\":[{\"@type\":\"ListItem\",\"position\":1,\"name\":\"In\u00edcio\",\"item\":\"https:\/\/cm-castelo-paiva-pro.globalskillmind.pt\/portal-turismo\/\"},{\"@type\":\"ListItem\",\"position\":2,\"name\":\"Experi\u00eancias\",\"item\":\"https:\/\/cm-castelo-paiva-pro.globalskillmind.pt\/portal-turismo\/experiencias\/\"},{\"@type\":\"ListItem\",\"position\":3,\"name\":\"Eventos\",\"item\":\"https:\/\/cm-castelo-paiva-pro.globalskillmind.pt\/portal-turismo\/experiencias\/eventos\/\"},{\"@type\":\"ListItem\",\"position\":4,\"name\":\"Eventos anuais de refer\u00eancia\",\"item\":\"https:\/\/cm-castelo-paiva-pro.globalskillmind.pt\/portal-turismo\/experiencias\/eventos\/eventos-anuais-de-referencia\/\"},{\"@type\":\"ListItem\",\"position\":5,\"name\":\"Feira do Vinho Verde, do Lavrador, Gastronomia e Artesanato\"}]},{\"@type\":\"WebSite\",\"@id\":\"https:\/\/cm-castelo-paiva-pro.globalskillmind.pt\/portal-turismo\/#website\",\"url\":\"https:\/\/cm-castelo-paiva-pro.globalskillmind.pt\/portal-turismo\/\",\"name\":\"Portal Turismo C\u00e2mara Municipal de Castelo de Paiva\",\"description\":\"\",\"potentialAction\":[{\"@type\":\"SearchAction\",\"target\":{\"@type\":\"EntryPoint\",\"urlTemplate\":\"https:\/\/cm-castelo-paiva-pro.globalskillmind.pt\/portal-turismo\/?s={search_term_string}\"},\"query-input\":\"required name=search_term_string\"}],\"inLanguage\":\"pt-PT\"}]}<\/script>\n<!-- \/ Yoast SEO plugin. -->","yoast_head_json":{"title":"Feira do Vinho Verde, do Lavrador, Gastronomia e Artesanato - Portal Turismo C\u00e2mara Municipal de Castelo de Paiva","robots":{"index":"noindex","follow":"follow","max-snippet":"max-snippet:-1","max-image-preview":"max-image-preview:large","max-video-preview":"max-video-preview:-1"},"og_locale":"pt_PT","og_type":"article","og_title":"Feira do Vinho Verde, do Lavrador, Gastronomia e Artesanato - Portal Turismo C\u00e2mara Municipal de Castelo de Paiva","og_description":"Tradi\u00e7\u00e3o que se prova. Cultura que se vive. A Feira do Vinho Verde, do Lavrador, Gastronomia e Artesanato \u00e9 um dos eventos de maior destaque em Castelo de Paiva, celebrando o que de melhor se produz e vive no concelho. Realizada anualmente no emblem\u00e1tico Largo do Conde, em Sobrado, decorre no primeiro fim de semana [&hellip;]","og_url":"https:\/\/cm-castelo-paiva-pro.globalskillmind.pt\/portal-turismo\/experiencias\/eventos\/eventos-anuais-de-referencia\/feira-do-vinho-verde-do-lavrador-gastronomia-e-artesanato\/","og_site_name":"Portal Turismo C\u00e2mara Municipal de Castelo de Paiva","article_modified_time":"2025-06-06T14:07:53+00:00","twitter_card":"summary_large_image","twitter_misc":{"Tempo estimado de leitura":"1 minuto"},"schema":{"@context":"https:\/\/schema.org","@graph":[{"@type":"WebPage","@id":"https:\/\/cm-castelo-paiva-pro.globalskillmind.pt\/portal-turismo\/experiencias\/eventos\/eventos-anuais-de-referencia\/feira-do-vinho-verde-do-lavrador-gastronomia-e-artesanato\/","url":"https:\/\/cm-castelo-paiva-pro.globalskillmind.pt\/portal-turismo\/experiencias\/eventos\/eventos-anuais-de-referencia\/feira-do-vinho-verde-do-lavrador-gastronomia-e-artesanato\/","name":"Feira do Vinho Verde, do Lavrador, Gastronomia e Artesanato - Portal Turismo C\u00e2mara Municipal de Castelo de Paiva","isPartOf":{"@id":"https:\/\/cm-castelo-paiva-pro.globalskillmind.pt\/portal-turismo\/#website"},"datePublished":"2025-02-06T11:42:59+00:00","dateModified":"2025-06-06T14:07:53+00:00","breadcrumb":{"@id":"https:\/\/cm-castelo-paiva-pro.globalskillmind.pt\/portal-turismo\/experiencias\/eventos\/eventos-anuais-de-referencia\/feira-do-vinho-verde-do-lavrador-gastronomia-e-artesanato\/#breadcrumb"},"inLanguage":"pt-PT","potentialAction":[{"@type":"ReadAction","target":["https:\/\/cm-castelo-paiva-pro.globalskillmind.pt\/portal-turismo\/experiencias\/eventos\/eventos-anuais-de-referencia\/feira-do-vinho-verde-do-lavrador-gastronomia-e-artesanato\/"]}]},{"@type":"BreadcrumbList","@id":"https:\/\/cm-castelo-paiva-pro.globalskillmind.pt\/portal-turismo\/experiencias\/eventos\/eventos-anuais-de-referencia\/feira-do-vinho-verde-do-lavrador-gastronomia-e-artesanato\/#breadcrumb","itemListElement":[{"@type":"ListItem","position":1,"name":"In\u00edcio","item":"https:\/\/cm-castelo-paiva-pro.globalskillmind.pt\/portal-turismo\/"},{"@type":"ListItem","position":2,"name":"Experi\u00eancias","item":"https:\/\/cm-castelo-paiva-pro.globalskillmind.pt\/portal-turismo\/experiencias\/"},{"@type":"ListItem","position":3,"name":"Eventos","item":"https:\/\/cm-castelo-paiva-pro.globalskillmind.pt\/portal-turismo\/experiencias\/eventos\/"},{"@type":"ListItem","position":4,"name":"Eventos anuais de refer\u00eancia","item":"https:\/\/cm-castelo-paiva-pro.globalskillmind.pt\/portal-turismo\/experiencias\/eventos\/eventos-anuais-de-referencia\/"},{"@type":"ListItem","position":5,"name":"Feira do Vinho Verde, do Lavrador, Gastronomia e Artesanato"}]},{"@type":"WebSite","@id":"https:\/\/cm-castelo-paiva-pro.globalskillmind.pt\/portal-turismo\/#website","url":"https:\/\/cm-castelo-paiva-pro.globalskillmind.pt\/portal-turismo\/","name":"Portal Turismo C\u00e2mara Municipal de Castelo de Paiva","description":"","potentialAction":[{"@type":"SearchAction","target":{"@type":"EntryPoint","urlTemplate":"https:\/\/cm-castelo-paiva-pro.globalskillmind.pt\/portal-turismo\/?s={search_term_string}"},"query-input":"required name=search_term_string"}],"inLanguage":"pt-PT"}]}},"_links":{"self":[{"href":"https:\/\/cm-castelo-paiva-pro.globalskillmind.pt\/portal-turismo\/wp-json\/wp\/v2\/pages\/1324"}],"collection":[{"href":"https:\/\/cm-castelo-paiva-pro.globalskillmind.pt\/portal-turismo\/wp-json\/wp\/v2\/pages"}],"about":[{"href":"https:\/\/cm-castelo-paiva-pro.globalskillmind.pt\/portal-turismo\/wp-json\/wp\/v2\/types\/page"}],"author":[{"embeddable":true,"href":"https:\/\/cm-castelo-paiva-pro.globalskillmind.pt\/portal-turismo\/wp-json\/wp\/v2\/users\/1"}],"replies":[{"embeddable":true,"href":"https:\/\/cm-castelo-paiva-pro.globalskillmind.pt\/portal-turismo\/wp-json\/wp\/v2\/comments?post=1324"}],"version-history":[{"count":4,"href":"https:\/\/cm-castelo-paiva-pro.globalskillmind.pt\/portal-turismo\/wp-json\/wp\/v2\/pages\/1324\/revisions"}],"predecessor-version":[{"id":2763,"href":"https:\/\/cm-castelo-paiva-pro.globalskillmind.pt\/portal-turismo\/wp-json\/wp\/v2\/pages\/1324\/revisions\/2763"}],"up":[{"embeddable":true,"href":"https:\/\/cm-castelo-paiva-pro.globalskillmind.pt\/portal-turismo\/wp-json\/wp\/v2\/pages\/1322"}],"wp:attachment":[{"href":"https:\/\/cm-castelo-paiva-pro.globalskillmind.pt\/portal-turismo\/wp-json\/wp\/v2\/media?parent=1324"}],"curies":[{"name":"wp","href":"https:\/\/api.w.org\/{rel}","templated":true}]}}