{"id":1161,"date":"2025-02-06T11:58:53","date_gmt":"2025-02-06T10:58:53","guid":{"rendered":"https:\/\/cm-castelo-paiva-pro.globalskillmind.pt\/portal-turismo\/?page_id=1161"},"modified":"2025-05-23T10:24:35","modified_gmt":"2025-05-23T09:24:35","slug":"baloico-de-s-gens","status":"publish","type":"page","link":"https:\/\/cm-castelo-paiva-pro.globalskillmind.pt\/portal-turismo\/descobrir\/locais-instagramaveis\/baloico-de-s-gens\/","title":{"rendered":"Baloi\u00e7o de S. Gens"},"content":{"rendered":"<p><em>O cen\u00e1rio perfeito para a fotografia ideal<\/em><\/p>\n<p>Se h\u00e1 um local que n\u00e3o pode faltar na sua visita a Castelo de Paiva, \u00e9 o Baloi\u00e7o de S\u00e3o Gens, um dos pontos mais instagram\u00e1veis do concelho.<\/p>\n<p>Situado no cimo do Monte de S\u00e3o Gens, em Santa Maria de Sardoura, este baloi\u00e7o de madeira, adornado com um cora\u00e7\u00e3o no topo, convida a momentos de contempla\u00e7\u00e3o, romance e, claro, registos inesquec\u00edveis.<\/p>\n<p>Com o rio Douro a seus p\u00e9s e a paisagem verdejante a perder de vista, o cen\u00e1rio ganha ainda mais magia ao p\u00f4r do sol, quando a luz dourada transforma tudo \u00e0 sua volta.<\/p>\n<p>Com estacionamento nas proximidades e bons acessos, o baloi\u00e7o \u00e9 um destino perfeito para visitantes de todas as idades.<\/p>\n<p>Traga a m\u00e1quina fotogr\u00e1fica, o telem\u00f3vel \u2014 ou apenas a vontade de se maravilhar.<\/p>\n<p>Partilhe o momento e leve consigo a imagem de um dos lugares mais encantadores de Castelo de Paiva.<\/p>\n<p>#BaloicodeSaoGens #CastelodePaiva #DestinoRom\u00e2ntico #VistaDouro<\/p>\n","protected":false},"excerpt":{"rendered":"<p>O cen\u00e1rio perfeito para a fotografia ideal Se h\u00e1 um local que n\u00e3o pode faltar na sua visita a Castelo de Paiva, \u00e9 o Baloi\u00e7o de S\u00e3o Gens, um dos pontos mais instagram\u00e1veis do concelho. Situado no cimo do Monte de S\u00e3o Gens, em Santa Maria de Sardoura, este baloi\u00e7o de madeira, adornado com um [&hellip;]<\/p>\n","protected":false},"author":1,"featured_media":1751,"parent":1159,"menu_order":0,"comment_status":"closed","ping_status":"closed","template":"templates-map\/component-text-layout1.php","meta":{"_acf_changed":false,"footnotes":""},"class_list":["post-1161","page","type-page","status-publish","has-post-thumbnail","hentry"],"acf":[],"yoast_head":"<!-- This site is optimized with the Yoast SEO plugin v22.9 - https:\/\/yoast.com\/wordpress\/plugins\/seo\/ -->\n<title>Baloi\u00e7o de S. Gens - Portal Turismo C\u00e2mara Municipal de Castelo de Paiva<\/title>\n<meta name=\"robots\" content=\"noindex, follow, max-snippet:-1, max-image-preview:large, max-video-preview:-1\" \/>\n<meta property=\"og:locale\" content=\"pt_PT\" \/>\n<meta property=\"og:type\" content=\"article\" \/>\n<meta property=\"og:title\" content=\"Baloi\u00e7o de S. Gens - Portal Turismo C\u00e2mara Municipal de Castelo de Paiva\" \/>\n<meta property=\"og:description\" content=\"O cen\u00e1rio perfeito para a fotografia ideal Se h\u00e1 um local que n\u00e3o pode faltar na sua visita a Castelo de Paiva, \u00e9 o Baloi\u00e7o de S\u00e3o Gens, um dos pontos mais instagram\u00e1veis do concelho. Situado no cimo do Monte de S\u00e3o Gens, em Santa Maria de Sardoura, este baloi\u00e7o de madeira, adornado com um [&hellip;]\" \/>\n<meta property=\"og:url\" content=\"https:\/\/cm-castelo-paiva-pro.globalskillmind.pt\/portal-turismo\/descobrir\/locais-instagramaveis\/baloico-de-s-gens\/\" \/>\n<meta property=\"og:site_name\" content=\"Portal Turismo C\u00e2mara Municipal de Castelo de Paiva\" \/>\n<meta property=\"article:modified_time\" content=\"2025-05-23T09:24:35+00:00\" \/>\n<meta property=\"og:image\" content=\"https:\/\/cm-castelo-paiva-pro.globalskillmind.pt\/portal-turismo\/wp-content\/uploads\/sites\/2\/2025\/02\/Baloico-Monte-de-Sao-Gens-1.jpg\" \/>\n\t<meta property=\"og:image:width\" content=\"1920\" \/>\n\t<meta property=\"og:image:height\" content=\"1280\" \/>\n\t<meta property=\"og:image:type\" content=\"image\/jpeg\" \/>\n<meta name=\"twitter:card\" content=\"summary_large_image\" \/>\n<meta name=\"twitter:label1\" content=\"Tempo estimado de leitura\" \/>\n\t<meta name=\"twitter:data1\" content=\"2 minutos\" \/>\n<script type=\"application\/ld+json\" class=\"yoast-schema-graph\">{\"@context\":\"https:\/\/schema.org\",\"@graph\":[{\"@type\":\"WebPage\",\"@id\":\"https:\/\/cm-castelo-paiva-pro.globalskillmind.pt\/portal-turismo\/descobrir\/locais-instagramaveis\/baloico-de-s-gens\/\",\"url\":\"https:\/\/cm-castelo-paiva-pro.globalskillmind.pt\/portal-turismo\/descobrir\/locais-instagramaveis\/baloico-de-s-gens\/\",\"name\":\"Baloi\u00e7o de S. Gens - Portal Turismo C\u00e2mara Municipal de Castelo de Paiva\",\"isPartOf\":{\"@id\":\"https:\/\/cm-castelo-paiva-pro.globalskillmind.pt\/portal-turismo\/#website\"},\"primaryImageOfPage\":{\"@id\":\"https:\/\/cm-castelo-paiva-pro.globalskillmind.pt\/portal-turismo\/descobrir\/locais-instagramaveis\/baloico-de-s-gens\/#primaryimage\"},\"image\":{\"@id\":\"https:\/\/cm-castelo-paiva-pro.globalskillmind.pt\/portal-turismo\/descobrir\/locais-instagramaveis\/baloico-de-s-gens\/#primaryimage\"},\"thumbnailUrl\":\"https:\/\/cm-castelo-paiva-pro.globalskillmind.pt\/portal-turismo\/wp-content\/uploads\/sites\/2\/2025\/02\/Baloico-Monte-de-Sao-Gens-1.jpg\",\"datePublished\":\"2025-02-06T10:58:53+00:00\",\"dateModified\":\"2025-05-23T09:24:35+00:00\",\"breadcrumb\":{\"@id\":\"https:\/\/cm-castelo-paiva-pro.globalskillmind.pt\/portal-turismo\/descobrir\/locais-instagramaveis\/baloico-de-s-gens\/#breadcrumb\"},\"inLanguage\":\"pt-PT\",\"potentialAction\":[{\"@type\":\"ReadAction\",\"target\":[\"https:\/\/cm-castelo-paiva-pro.globalskillmind.pt\/portal-turismo\/descobrir\/locais-instagramaveis\/baloico-de-s-gens\/\"]}]},{\"@type\":\"ImageObject\",\"inLanguage\":\"pt-PT\",\"@id\":\"https:\/\/cm-castelo-paiva-pro.globalskillmind.pt\/portal-turismo\/descobrir\/locais-instagramaveis\/baloico-de-s-gens\/#primaryimage\",\"url\":\"https:\/\/cm-castelo-paiva-pro.globalskillmind.pt\/portal-turismo\/wp-content\/uploads\/sites\/2\/2025\/02\/Baloico-Monte-de-Sao-Gens-1.jpg\",\"contentUrl\":\"https:\/\/cm-castelo-paiva-pro.globalskillmind.pt\/portal-turismo\/wp-content\/uploads\/sites\/2\/2025\/02\/Baloico-Monte-de-Sao-Gens-1.jpg\",\"width\":1920,\"height\":1280},{\"@type\":\"BreadcrumbList\",\"@id\":\"https:\/\/cm-castelo-paiva-pro.globalskillmind.pt\/portal-turismo\/descobrir\/locais-instagramaveis\/baloico-de-s-gens\/#breadcrumb\",\"itemListElement\":[{\"@type\":\"ListItem\",\"position\":1,\"name\":\"In\u00edcio\",\"item\":\"https:\/\/cm-castelo-paiva-pro.globalskillmind.pt\/portal-turismo\/\"},{\"@type\":\"ListItem\",\"position\":2,\"name\":\"Descobrir\",\"item\":\"https:\/\/cm-castelo-paiva-pro.globalskillmind.pt\/portal-turismo\/descobrir\/\"},{\"@type\":\"ListItem\",\"position\":3,\"name\":\"Locais instagram\u00e1veis\",\"item\":\"https:\/\/cm-castelo-paiva-pro.globalskillmind.pt\/portal-turismo\/descobrir\/locais-instagramaveis\/\"},{\"@type\":\"ListItem\",\"position\":4,\"name\":\"Baloi\u00e7o de S. Gens\"}]},{\"@type\":\"WebSite\",\"@id\":\"https:\/\/cm-castelo-paiva-pro.globalskillmind.pt\/portal-turismo\/#website\",\"url\":\"https:\/\/cm-castelo-paiva-pro.globalskillmind.pt\/portal-turismo\/\",\"name\":\"Portal Turismo C\u00e2mara Municipal de Castelo de Paiva\",\"description\":\"\",\"potentialAction\":[{\"@type\":\"SearchAction\",\"target\":{\"@type\":\"EntryPoint\",\"urlTemplate\":\"https:\/\/cm-castelo-paiva-pro.globalskillmind.pt\/portal-turismo\/?s={search_term_string}\"},\"query-input\":\"required name=search_term_string\"}],\"inLanguage\":\"pt-PT\"}]}<\/script>\n<!-- \/ Yoast SEO plugin. -->","yoast_head_json":{"title":"Baloi\u00e7o de S. Gens - Portal Turismo C\u00e2mara Municipal de Castelo de Paiva","robots":{"index":"noindex","follow":"follow","max-snippet":"max-snippet:-1","max-image-preview":"max-image-preview:large","max-video-preview":"max-video-preview:-1"},"og_locale":"pt_PT","og_type":"article","og_title":"Baloi\u00e7o de S. Gens - Portal Turismo C\u00e2mara Municipal de Castelo de Paiva","og_description":"O cen\u00e1rio perfeito para a fotografia ideal Se h\u00e1 um local que n\u00e3o pode faltar na sua visita a Castelo de Paiva, \u00e9 o Baloi\u00e7o de S\u00e3o Gens, um dos pontos mais instagram\u00e1veis do concelho. Situado no cimo do Monte de S\u00e3o Gens, em Santa Maria de Sardoura, este baloi\u00e7o de madeira, adornado com um [&hellip;]","og_url":"https:\/\/cm-castelo-paiva-pro.globalskillmind.pt\/portal-turismo\/descobrir\/locais-instagramaveis\/baloico-de-s-gens\/","og_site_name":"Portal Turismo C\u00e2mara Municipal de Castelo de Paiva","article_modified_time":"2025-05-23T09:24:35+00:00","og_image":[{"width":1920,"height":1280,"url":"https:\/\/cm-castelo-paiva-pro.globalskillmind.pt\/portal-turismo\/wp-content\/uploads\/sites\/2\/2025\/02\/Baloico-Monte-de-Sao-Gens-1.jpg","type":"image\/jpeg"}],"twitter_card":"summary_large_image","twitter_misc":{"Tempo estimado de leitura":"2 minutos"},"schema":{"@context":"https:\/\/schema.org","@graph":[{"@type":"WebPage","@id":"https:\/\/cm-castelo-paiva-pro.globalskillmind.pt\/portal-turismo\/descobrir\/locais-instagramaveis\/baloico-de-s-gens\/","url":"https:\/\/cm-castelo-paiva-pro.globalskillmind.pt\/portal-turismo\/descobrir\/locais-instagramaveis\/baloico-de-s-gens\/","name":"Baloi\u00e7o de S. Gens - Portal Turismo C\u00e2mara Municipal de Castelo de Paiva","isPartOf":{"@id":"https:\/\/cm-castelo-paiva-pro.globalskillmind.pt\/portal-turismo\/#website"},"primaryImageOfPage":{"@id":"https:\/\/cm-castelo-paiva-pro.globalskillmind.pt\/portal-turismo\/descobrir\/locais-instagramaveis\/baloico-de-s-gens\/#primaryimage"},"image":{"@id":"https:\/\/cm-castelo-paiva-pro.globalskillmind.pt\/portal-turismo\/descobrir\/locais-instagramaveis\/baloico-de-s-gens\/#primaryimage"},"thumbnailUrl":"https:\/\/cm-castelo-paiva-pro.globalskillmind.pt\/portal-turismo\/wp-content\/uploads\/sites\/2\/2025\/02\/Baloico-Monte-de-Sao-Gens-1.jpg","datePublished":"2025-02-06T10:58:53+00:00","dateModified":"2025-05-23T09:24:35+00:00","breadcrumb":{"@id":"https:\/\/cm-castelo-paiva-pro.globalskillmind.pt\/portal-turismo\/descobrir\/locais-instagramaveis\/baloico-de-s-gens\/#breadcrumb"},"inLanguage":"pt-PT","potentialAction":[{"@type":"ReadAction","target":["https:\/\/cm-castelo-paiva-pro.globalskillmind.pt\/portal-turismo\/descobrir\/locais-instagramaveis\/baloico-de-s-gens\/"]}]},{"@type":"ImageObject","inLanguage":"pt-PT","@id":"https:\/\/cm-castelo-paiva-pro.globalskillmind.pt\/portal-turismo\/descobrir\/locais-instagramaveis\/baloico-de-s-gens\/#primaryimage","url":"https:\/\/cm-castelo-paiva-pro.globalskillmind.pt\/portal-turismo\/wp-content\/uploads\/sites\/2\/2025\/02\/Baloico-Monte-de-Sao-Gens-1.jpg","contentUrl":"https:\/\/cm-castelo-paiva-pro.globalskillmind.pt\/portal-turismo\/wp-content\/uploads\/sites\/2\/2025\/02\/Baloico-Monte-de-Sao-Gens-1.jpg","width":1920,"height":1280},{"@type":"BreadcrumbList","@id":"https:\/\/cm-castelo-paiva-pro.globalskillmind.pt\/portal-turismo\/descobrir\/locais-instagramaveis\/baloico-de-s-gens\/#breadcrumb","itemListElement":[{"@type":"ListItem","position":1,"name":"In\u00edcio","item":"https:\/\/cm-castelo-paiva-pro.globalskillmind.pt\/portal-turismo\/"},{"@type":"ListItem","position":2,"name":"Descobrir","item":"https:\/\/cm-castelo-paiva-pro.globalskillmind.pt\/portal-turismo\/descobrir\/"},{"@type":"ListItem","position":3,"name":"Locais instagram\u00e1veis","item":"https:\/\/cm-castelo-paiva-pro.globalskillmind.pt\/portal-turismo\/descobrir\/locais-instagramaveis\/"},{"@type":"ListItem","position":4,"name":"Baloi\u00e7o de S. Gens"}]},{"@type":"WebSite","@id":"https:\/\/cm-castelo-paiva-pro.globalskillmind.pt\/portal-turismo\/#website","url":"https:\/\/cm-castelo-paiva-pro.globalskillmind.pt\/portal-turismo\/","name":"Portal Turismo C\u00e2mara Municipal de Castelo de Paiva","description":"","potentialAction":[{"@type":"SearchAction","target":{"@type":"EntryPoint","urlTemplate":"https:\/\/cm-castelo-paiva-pro.globalskillmind.pt\/portal-turismo\/?s={search_term_string}"},"query-input":"required name=search_term_string"}],"inLanguage":"pt-PT"}]}},"_links":{"self":[{"href":"https:\/\/cm-castelo-paiva-pro.globalskillmind.pt\/portal-turismo\/wp-json\/wp\/v2\/pages\/1161"}],"collection":[{"href":"https:\/\/cm-castelo-paiva-pro.globalskillmind.pt\/portal-turismo\/wp-json\/wp\/v2\/pages"}],"about":[{"href":"https:\/\/cm-castelo-paiva-pro.globalskillmind.pt\/portal-turismo\/wp-json\/wp\/v2\/types\/page"}],"author":[{"embeddable":true,"href":"https:\/\/cm-castelo-paiva-pro.globalskillmind.pt\/portal-turismo\/wp-json\/wp\/v2\/users\/1"}],"replies":[{"embeddable":true,"href":"https:\/\/cm-castelo-paiva-pro.globalskillmind.pt\/portal-turismo\/wp-json\/wp\/v2\/comments?post=1161"}],"version-history":[{"count":6,"href":"https:\/\/cm-castelo-paiva-pro.globalskillmind.pt\/portal-turismo\/wp-json\/wp\/v2\/pages\/1161\/revisions"}],"predecessor-version":[{"id":2707,"href":"https:\/\/cm-castelo-paiva-pro.globalskillmind.pt\/portal-turismo\/wp-json\/wp\/v2\/pages\/1161\/revisions\/2707"}],"up":[{"embeddable":true,"href":"https:\/\/cm-castelo-paiva-pro.globalskillmind.pt\/portal-turismo\/wp-json\/wp\/v2\/pages\/1159"}],"wp:featuredmedia":[{"embeddable":true,"href":"https:\/\/cm-castelo-paiva-pro.globalskillmind.pt\/portal-turismo\/wp-json\/wp\/v2\/media\/1751"}],"wp:attachment":[{"href":"https:\/\/cm-castelo-paiva-pro.globalskillmind.pt\/portal-turismo\/wp-json\/wp\/v2\/media?parent=1161"}],"curies":[{"name":"wp","href":"https:\/\/api.w.org\/{rel}","templated":true}]}}