{"id":1157,"date":"2025-02-06T11:58:05","date_gmt":"2025-02-06T10:58:05","guid":{"rendered":"https:\/\/cm-castelo-paiva-pro.globalskillmind.pt\/portal-turismo\/?page_id=1157"},"modified":"2025-05-22T17:30:49","modified_gmt":"2025-05-22T16:30:49","slug":"cicl","status":"publish","type":"page","link":"https:\/\/cm-castelo-paiva-pro.globalskillmind.pt\/portal-turismo\/descobrir\/museus-e-centros-interpretativos\/cicl\/","title":{"rendered":"CICL"},"content":{"rendered":"<p>O Centro de Interpreta\u00e7\u00e3o da Cultura Local de Castelo de Paiva (CICL) \u00e9 um espa\u00e7o dedicado \u00e0 preserva\u00e7\u00e3o, valoriza\u00e7\u00e3o e divulga\u00e7\u00e3o do patrim\u00f3nio cultural e hist\u00f3rico do concelho. Situado no emblem\u00e1tico edif\u00edcio da antiga Cadeia, constru\u00eddo no in\u00edcio do s\u00e9culo XVIII pela Casa de Bragan\u00e7a, o CICL resulta de um projeto de reconvers\u00e3o que transformou este marco arquitet\u00f3nico num espa\u00e7o multifuncional e contempor\u00e2neo, ao servi\u00e7o da mem\u00f3ria e da comunidade.<\/p>\n<p>No seu interior, o visitante encontra uma exposi\u00e7\u00e3o permanente que revela as m\u00faltiplas dimens\u00f5es do patrim\u00f3nio paivense \u2014 desde a hist\u00f3ria local at\u00e9 \u00e0s tradi\u00e7\u00f5es orais, passando pelo artesanato e as express\u00f5es identit\u00e1rias que moldam o territ\u00f3rio.<\/p>\n<p>O CICL acolhe ainda exposi\u00e7\u00f5es tempor\u00e1rias, promovendo a renova\u00e7\u00e3o constante da oferta cultural, e disp\u00f5e de um audit\u00f3rio com 30 lugares, vocacionado para semin\u00e1rios, confer\u00eancias, proje\u00e7\u00f5es e encontros culturais.<\/p>\n<p>Mais do que um espa\u00e7o museol\u00f3gico, o CICL \u00e9 um ponto de refer\u00eancia identit\u00e1ria para os paivenses e um ponto de partida para os visitantes, oferecendo uma introdu\u00e7\u00e3o envolvente \u00e0s Terras de Paiva, ao seu passado, presente e futuro.<\/p>\n","protected":false},"excerpt":{"rendered":"<p>O Centro de Interpreta\u00e7\u00e3o da Cultura Local de Castelo de Paiva (CICL) \u00e9 um espa\u00e7o dedicado \u00e0 preserva\u00e7\u00e3o, valoriza\u00e7\u00e3o e divulga\u00e7\u00e3o do patrim\u00f3nio cultural e hist\u00f3rico do concelho. Situado no emblem\u00e1tico edif\u00edcio da antiga Cadeia, constru\u00eddo no in\u00edcio do s\u00e9culo XVIII pela Casa de Bragan\u00e7a, o CICL resulta de um projeto de reconvers\u00e3o que transformou [&hellip;]<\/p>\n","protected":false},"author":1,"featured_media":1745,"parent":1153,"menu_order":0,"comment_status":"closed","ping_status":"closed","template":"templates-map\/component-text-layout1.php","meta":{"_acf_changed":false,"footnotes":""},"class_list":["post-1157","page","type-page","status-publish","has-post-thumbnail","hentry"],"acf":[],"yoast_head":"<!-- This site is optimized with the Yoast SEO plugin v22.9 - https:\/\/yoast.com\/wordpress\/plugins\/seo\/ -->\n<title>CICL - Portal Turismo C\u00e2mara Municipal de Castelo de Paiva<\/title>\n<meta name=\"robots\" content=\"noindex, follow, max-snippet:-1, max-image-preview:large, max-video-preview:-1\" \/>\n<meta property=\"og:locale\" content=\"pt_PT\" \/>\n<meta property=\"og:type\" content=\"article\" \/>\n<meta property=\"og:title\" content=\"CICL - Portal Turismo C\u00e2mara Municipal de Castelo de Paiva\" \/>\n<meta property=\"og:description\" content=\"O Centro de Interpreta\u00e7\u00e3o da Cultura Local de Castelo de Paiva (CICL) \u00e9 um espa\u00e7o dedicado \u00e0 preserva\u00e7\u00e3o, valoriza\u00e7\u00e3o e divulga\u00e7\u00e3o do patrim\u00f3nio cultural e hist\u00f3rico do concelho. Situado no emblem\u00e1tico edif\u00edcio da antiga Cadeia, constru\u00eddo no in\u00edcio do s\u00e9culo XVIII pela Casa de Bragan\u00e7a, o CICL resulta de um projeto de reconvers\u00e3o que transformou [&hellip;]\" \/>\n<meta property=\"og:url\" content=\"https:\/\/cm-castelo-paiva-pro.globalskillmind.pt\/portal-turismo\/descobrir\/museus-e-centros-interpretativos\/cicl\/\" \/>\n<meta property=\"og:site_name\" content=\"Portal Turismo C\u00e2mara Municipal de Castelo de Paiva\" \/>\n<meta property=\"article:modified_time\" content=\"2025-05-22T16:30:49+00:00\" \/>\n<meta property=\"og:image\" content=\"https:\/\/cm-castelo-paiva-pro.globalskillmind.pt\/portal-turismo\/wp-content\/uploads\/sites\/2\/2025\/02\/Centro-Interpretacao-da-Cultura-Local-1.jpg\" \/>\n\t<meta property=\"og:image:width\" content=\"1920\" \/>\n\t<meta property=\"og:image:height\" content=\"1280\" \/>\n\t<meta property=\"og:image:type\" content=\"image\/jpeg\" \/>\n<meta name=\"twitter:card\" content=\"summary_large_image\" \/>\n<meta name=\"twitter:label1\" content=\"Tempo estimado de leitura\" \/>\n\t<meta name=\"twitter:data1\" content=\"2 minutos\" \/>\n<script type=\"application\/ld+json\" class=\"yoast-schema-graph\">{\"@context\":\"https:\/\/schema.org\",\"@graph\":[{\"@type\":\"WebPage\",\"@id\":\"https:\/\/cm-castelo-paiva-pro.globalskillmind.pt\/portal-turismo\/descobrir\/museus-e-centros-interpretativos\/cicl\/\",\"url\":\"https:\/\/cm-castelo-paiva-pro.globalskillmind.pt\/portal-turismo\/descobrir\/museus-e-centros-interpretativos\/cicl\/\",\"name\":\"CICL - Portal Turismo C\u00e2mara Municipal de Castelo de Paiva\",\"isPartOf\":{\"@id\":\"https:\/\/cm-castelo-paiva-pro.globalskillmind.pt\/portal-turismo\/#website\"},\"primaryImageOfPage\":{\"@id\":\"https:\/\/cm-castelo-paiva-pro.globalskillmind.pt\/portal-turismo\/descobrir\/museus-e-centros-interpretativos\/cicl\/#primaryimage\"},\"image\":{\"@id\":\"https:\/\/cm-castelo-paiva-pro.globalskillmind.pt\/portal-turismo\/descobrir\/museus-e-centros-interpretativos\/cicl\/#primaryimage\"},\"thumbnailUrl\":\"https:\/\/cm-castelo-paiva-pro.globalskillmind.pt\/portal-turismo\/wp-content\/uploads\/sites\/2\/2025\/02\/Centro-Interpretacao-da-Cultura-Local-1.jpg\",\"datePublished\":\"2025-02-06T10:58:05+00:00\",\"dateModified\":\"2025-05-22T16:30:49+00:00\",\"breadcrumb\":{\"@id\":\"https:\/\/cm-castelo-paiva-pro.globalskillmind.pt\/portal-turismo\/descobrir\/museus-e-centros-interpretativos\/cicl\/#breadcrumb\"},\"inLanguage\":\"pt-PT\",\"potentialAction\":[{\"@type\":\"ReadAction\",\"target\":[\"https:\/\/cm-castelo-paiva-pro.globalskillmind.pt\/portal-turismo\/descobrir\/museus-e-centros-interpretativos\/cicl\/\"]}]},{\"@type\":\"ImageObject\",\"inLanguage\":\"pt-PT\",\"@id\":\"https:\/\/cm-castelo-paiva-pro.globalskillmind.pt\/portal-turismo\/descobrir\/museus-e-centros-interpretativos\/cicl\/#primaryimage\",\"url\":\"https:\/\/cm-castelo-paiva-pro.globalskillmind.pt\/portal-turismo\/wp-content\/uploads\/sites\/2\/2025\/02\/Centro-Interpretacao-da-Cultura-Local-1.jpg\",\"contentUrl\":\"https:\/\/cm-castelo-paiva-pro.globalskillmind.pt\/portal-turismo\/wp-content\/uploads\/sites\/2\/2025\/02\/Centro-Interpretacao-da-Cultura-Local-1.jpg\",\"width\":1920,\"height\":1280},{\"@type\":\"BreadcrumbList\",\"@id\":\"https:\/\/cm-castelo-paiva-pro.globalskillmind.pt\/portal-turismo\/descobrir\/museus-e-centros-interpretativos\/cicl\/#breadcrumb\",\"itemListElement\":[{\"@type\":\"ListItem\",\"position\":1,\"name\":\"In\u00edcio\",\"item\":\"https:\/\/cm-castelo-paiva-pro.globalskillmind.pt\/portal-turismo\/\"},{\"@type\":\"ListItem\",\"position\":2,\"name\":\"Descobrir\",\"item\":\"https:\/\/cm-castelo-paiva-pro.globalskillmind.pt\/portal-turismo\/descobrir\/\"},{\"@type\":\"ListItem\",\"position\":3,\"name\":\"Museus e Centros Interpretativos\",\"item\":\"https:\/\/cm-castelo-paiva-pro.globalskillmind.pt\/portal-turismo\/descobrir\/museus-e-centros-interpretativos\/\"},{\"@type\":\"ListItem\",\"position\":4,\"name\":\"CICL\"}]},{\"@type\":\"WebSite\",\"@id\":\"https:\/\/cm-castelo-paiva-pro.globalskillmind.pt\/portal-turismo\/#website\",\"url\":\"https:\/\/cm-castelo-paiva-pro.globalskillmind.pt\/portal-turismo\/\",\"name\":\"Portal Turismo C\u00e2mara Municipal de Castelo de Paiva\",\"description\":\"\",\"potentialAction\":[{\"@type\":\"SearchAction\",\"target\":{\"@type\":\"EntryPoint\",\"urlTemplate\":\"https:\/\/cm-castelo-paiva-pro.globalskillmind.pt\/portal-turismo\/?s={search_term_string}\"},\"query-input\":\"required name=search_term_string\"}],\"inLanguage\":\"pt-PT\"}]}<\/script>\n<!-- \/ Yoast SEO plugin. -->","yoast_head_json":{"title":"CICL - Portal Turismo C\u00e2mara Municipal de Castelo de Paiva","robots":{"index":"noindex","follow":"follow","max-snippet":"max-snippet:-1","max-image-preview":"max-image-preview:large","max-video-preview":"max-video-preview:-1"},"og_locale":"pt_PT","og_type":"article","og_title":"CICL - Portal Turismo C\u00e2mara Municipal de Castelo de Paiva","og_description":"O Centro de Interpreta\u00e7\u00e3o da Cultura Local de Castelo de Paiva (CICL) \u00e9 um espa\u00e7o dedicado \u00e0 preserva\u00e7\u00e3o, valoriza\u00e7\u00e3o e divulga\u00e7\u00e3o do patrim\u00f3nio cultural e hist\u00f3rico do concelho. Situado no emblem\u00e1tico edif\u00edcio da antiga Cadeia, constru\u00eddo no in\u00edcio do s\u00e9culo XVIII pela Casa de Bragan\u00e7a, o CICL resulta de um projeto de reconvers\u00e3o que transformou [&hellip;]","og_url":"https:\/\/cm-castelo-paiva-pro.globalskillmind.pt\/portal-turismo\/descobrir\/museus-e-centros-interpretativos\/cicl\/","og_site_name":"Portal Turismo C\u00e2mara Municipal de Castelo de Paiva","article_modified_time":"2025-05-22T16:30:49+00:00","og_image":[{"width":1920,"height":1280,"url":"https:\/\/cm-castelo-paiva-pro.globalskillmind.pt\/portal-turismo\/wp-content\/uploads\/sites\/2\/2025\/02\/Centro-Interpretacao-da-Cultura-Local-1.jpg","type":"image\/jpeg"}],"twitter_card":"summary_large_image","twitter_misc":{"Tempo estimado de leitura":"2 minutos"},"schema":{"@context":"https:\/\/schema.org","@graph":[{"@type":"WebPage","@id":"https:\/\/cm-castelo-paiva-pro.globalskillmind.pt\/portal-turismo\/descobrir\/museus-e-centros-interpretativos\/cicl\/","url":"https:\/\/cm-castelo-paiva-pro.globalskillmind.pt\/portal-turismo\/descobrir\/museus-e-centros-interpretativos\/cicl\/","name":"CICL - Portal Turismo C\u00e2mara Municipal de Castelo de Paiva","isPartOf":{"@id":"https:\/\/cm-castelo-paiva-pro.globalskillmind.pt\/portal-turismo\/#website"},"primaryImageOfPage":{"@id":"https:\/\/cm-castelo-paiva-pro.globalskillmind.pt\/portal-turismo\/descobrir\/museus-e-centros-interpretativos\/cicl\/#primaryimage"},"image":{"@id":"https:\/\/cm-castelo-paiva-pro.globalskillmind.pt\/portal-turismo\/descobrir\/museus-e-centros-interpretativos\/cicl\/#primaryimage"},"thumbnailUrl":"https:\/\/cm-castelo-paiva-pro.globalskillmind.pt\/portal-turismo\/wp-content\/uploads\/sites\/2\/2025\/02\/Centro-Interpretacao-da-Cultura-Local-1.jpg","datePublished":"2025-02-06T10:58:05+00:00","dateModified":"2025-05-22T16:30:49+00:00","breadcrumb":{"@id":"https:\/\/cm-castelo-paiva-pro.globalskillmind.pt\/portal-turismo\/descobrir\/museus-e-centros-interpretativos\/cicl\/#breadcrumb"},"inLanguage":"pt-PT","potentialAction":[{"@type":"ReadAction","target":["https:\/\/cm-castelo-paiva-pro.globalskillmind.pt\/portal-turismo\/descobrir\/museus-e-centros-interpretativos\/cicl\/"]}]},{"@type":"ImageObject","inLanguage":"pt-PT","@id":"https:\/\/cm-castelo-paiva-pro.globalskillmind.pt\/portal-turismo\/descobrir\/museus-e-centros-interpretativos\/cicl\/#primaryimage","url":"https:\/\/cm-castelo-paiva-pro.globalskillmind.pt\/portal-turismo\/wp-content\/uploads\/sites\/2\/2025\/02\/Centro-Interpretacao-da-Cultura-Local-1.jpg","contentUrl":"https:\/\/cm-castelo-paiva-pro.globalskillmind.pt\/portal-turismo\/wp-content\/uploads\/sites\/2\/2025\/02\/Centro-Interpretacao-da-Cultura-Local-1.jpg","width":1920,"height":1280},{"@type":"BreadcrumbList","@id":"https:\/\/cm-castelo-paiva-pro.globalskillmind.pt\/portal-turismo\/descobrir\/museus-e-centros-interpretativos\/cicl\/#breadcrumb","itemListElement":[{"@type":"ListItem","position":1,"name":"In\u00edcio","item":"https:\/\/cm-castelo-paiva-pro.globalskillmind.pt\/portal-turismo\/"},{"@type":"ListItem","position":2,"name":"Descobrir","item":"https:\/\/cm-castelo-paiva-pro.globalskillmind.pt\/portal-turismo\/descobrir\/"},{"@type":"ListItem","position":3,"name":"Museus e Centros Interpretativos","item":"https:\/\/cm-castelo-paiva-pro.globalskillmind.pt\/portal-turismo\/descobrir\/museus-e-centros-interpretativos\/"},{"@type":"ListItem","position":4,"name":"CICL"}]},{"@type":"WebSite","@id":"https:\/\/cm-castelo-paiva-pro.globalskillmind.pt\/portal-turismo\/#website","url":"https:\/\/cm-castelo-paiva-pro.globalskillmind.pt\/portal-turismo\/","name":"Portal Turismo C\u00e2mara Municipal de Castelo de Paiva","description":"","potentialAction":[{"@type":"SearchAction","target":{"@type":"EntryPoint","urlTemplate":"https:\/\/cm-castelo-paiva-pro.globalskillmind.pt\/portal-turismo\/?s={search_term_string}"},"query-input":"required name=search_term_string"}],"inLanguage":"pt-PT"}]}},"_links":{"self":[{"href":"https:\/\/cm-castelo-paiva-pro.globalskillmind.pt\/portal-turismo\/wp-json\/wp\/v2\/pages\/1157"}],"collection":[{"href":"https:\/\/cm-castelo-paiva-pro.globalskillmind.pt\/portal-turismo\/wp-json\/wp\/v2\/pages"}],"about":[{"href":"https:\/\/cm-castelo-paiva-pro.globalskillmind.pt\/portal-turismo\/wp-json\/wp\/v2\/types\/page"}],"author":[{"embeddable":true,"href":"https:\/\/cm-castelo-paiva-pro.globalskillmind.pt\/portal-turismo\/wp-json\/wp\/v2\/users\/1"}],"replies":[{"embeddable":true,"href":"https:\/\/cm-castelo-paiva-pro.globalskillmind.pt\/portal-turismo\/wp-json\/wp\/v2\/comments?post=1157"}],"version-history":[{"count":6,"href":"https:\/\/cm-castelo-paiva-pro.globalskillmind.pt\/portal-turismo\/wp-json\/wp\/v2\/pages\/1157\/revisions"}],"predecessor-version":[{"id":2705,"href":"https:\/\/cm-castelo-paiva-pro.globalskillmind.pt\/portal-turismo\/wp-json\/wp\/v2\/pages\/1157\/revisions\/2705"}],"up":[{"embeddable":true,"href":"https:\/\/cm-castelo-paiva-pro.globalskillmind.pt\/portal-turismo\/wp-json\/wp\/v2\/pages\/1153"}],"wp:featuredmedia":[{"embeddable":true,"href":"https:\/\/cm-castelo-paiva-pro.globalskillmind.pt\/portal-turismo\/wp-json\/wp\/v2\/media\/1745"}],"wp:attachment":[{"href":"https:\/\/cm-castelo-paiva-pro.globalskillmind.pt\/portal-turismo\/wp-json\/wp\/v2\/media?parent=1157"}],"curies":[{"name":"wp","href":"https:\/\/api.w.org\/{rel}","templated":true}]}}