{"id":1141,"date":"2025-02-06T11:54:58","date_gmt":"2025-02-06T10:54:58","guid":{"rendered":"https:\/\/cm-castelo-paiva-pro.globalskillmind.pt\/portal-turismo\/?page_id=1141"},"modified":"2025-02-07T10:57:19","modified_gmt":"2025-02-07T09:57:19","slug":"aldeias-em-xisto-de-midoes-e-gondarem","status":"publish","type":"page","link":"https:\/\/cm-castelo-paiva-pro.globalskillmind.pt\/portal-turismo\/descobrir\/aldeias-de-portugal\/aldeias-em-xisto-de-midoes-e-gondarem\/","title":{"rendered":"Aldeias em Xisto de Mid\u00f5es e Gondar\u00e9m"},"content":{"rendered":"<p>Os lugares de Mid\u00f5es e Gondar\u00e9m possuem a beleza caracter\u00edstica das aldeias serranas: Gondar\u00e9m, local prop\u00edcio a passeios pedestres, sobressai pelo conjunto de casas constru\u00eddas em xisto; Mid\u00f5es, lugar muito agrad\u00e1vel, implantado numa encosta com uma paisagem marcada pela muita vinha de enforcado existente. De ambas as aldeias, a vista sobre o Douro \u00e9 deslumbrante. Em Gondar\u00e9m existe um cais de acostagem.<\/p>\n<p>&nbsp;<\/p>\n<p>Coordenadas: 41\u00b0 02&#8217;47.8&#8221; N 8\u00b019&#8217;54.1&#8221; W (Aldeia de Gondar\u00e9m)<\/p>\n<p>Coordenadas: 41\u00b0 03&#8217;11.6&#8221; N 8\u00b019&#8217;47.2&#8221; W (Aldeia de Mid\u00f5es)<\/p>\n","protected":false},"excerpt":{"rendered":"<p>Os lugares de Mid\u00f5es e Gondar\u00e9m possuem a beleza caracter\u00edstica das aldeias serranas: Gondar\u00e9m, local prop\u00edcio a passeios pedestres, sobressai pelo conjunto de casas constru\u00eddas em xisto; Mid\u00f5es, lugar muito agrad\u00e1vel, implantado numa encosta com uma paisagem marcada pela muita vinha de enforcado existente. De ambas as aldeias, a vista sobre o Douro \u00e9 deslumbrante. [&hellip;]<\/p>\n","protected":false},"author":1,"featured_media":1019,"parent":1139,"menu_order":0,"comment_status":"closed","ping_status":"closed","template":"templates-map\/component-text-layout1.php","meta":{"_acf_changed":false,"footnotes":""},"class_list":["post-1141","page","type-page","status-publish","has-post-thumbnail","hentry"],"acf":[],"yoast_head":"<!-- This site is optimized with the Yoast SEO plugin v22.9 - https:\/\/yoast.com\/wordpress\/plugins\/seo\/ -->\n<title>Aldeias em Xisto de Mid\u00f5es e Gondar\u00e9m - Portal Turismo C\u00e2mara Municipal de Castelo de Paiva<\/title>\n<meta name=\"robots\" content=\"noindex, follow, max-snippet:-1, max-image-preview:large, max-video-preview:-1\" \/>\n<meta property=\"og:locale\" content=\"pt_PT\" \/>\n<meta property=\"og:type\" content=\"article\" \/>\n<meta property=\"og:title\" content=\"Aldeias em Xisto de Mid\u00f5es e Gondar\u00e9m - Portal Turismo C\u00e2mara Municipal de Castelo de Paiva\" \/>\n<meta property=\"og:description\" content=\"Os lugares de Mid\u00f5es e Gondar\u00e9m possuem a beleza caracter\u00edstica das aldeias serranas: Gondar\u00e9m, local prop\u00edcio a passeios pedestres, sobressai pelo conjunto de casas constru\u00eddas em xisto; Mid\u00f5es, lugar muito agrad\u00e1vel, implantado numa encosta com uma paisagem marcada pela muita vinha de enforcado existente. De ambas as aldeias, a vista sobre o Douro \u00e9 deslumbrante. [&hellip;]\" \/>\n<meta property=\"og:url\" content=\"https:\/\/cm-castelo-paiva-pro.globalskillmind.pt\/portal-turismo\/descobrir\/aldeias-de-portugal\/aldeias-em-xisto-de-midoes-e-gondarem\/\" \/>\n<meta property=\"og:site_name\" content=\"Portal Turismo C\u00e2mara Municipal de Castelo de Paiva\" \/>\n<meta property=\"article:modified_time\" content=\"2025-02-07T09:57:19+00:00\" \/>\n<meta property=\"og:image\" content=\"https:\/\/cm-castelo-paiva-pro.globalskillmind.pt\/portal-turismo\/wp-content\/uploads\/sites\/2\/2024\/12\/250.original_resultado.jpg\" \/>\n\t<meta property=\"og:image:width\" content=\"1440\" \/>\n\t<meta property=\"og:image:height\" content=\"1920\" \/>\n\t<meta property=\"og:image:type\" content=\"image\/jpeg\" \/>\n<meta name=\"twitter:card\" content=\"summary_large_image\" \/>\n<meta name=\"twitter:label1\" content=\"Tempo estimado de leitura\" \/>\n\t<meta name=\"twitter:data1\" content=\"1 minuto\" \/>\n<script type=\"application\/ld+json\" class=\"yoast-schema-graph\">{\"@context\":\"https:\/\/schema.org\",\"@graph\":[{\"@type\":\"WebPage\",\"@id\":\"https:\/\/cm-castelo-paiva-pro.globalskillmind.pt\/portal-turismo\/descobrir\/aldeias-de-portugal\/aldeias-em-xisto-de-midoes-e-gondarem\/\",\"url\":\"https:\/\/cm-castelo-paiva-pro.globalskillmind.pt\/portal-turismo\/descobrir\/aldeias-de-portugal\/aldeias-em-xisto-de-midoes-e-gondarem\/\",\"name\":\"Aldeias em Xisto de Mid\u00f5es e Gondar\u00e9m - Portal Turismo C\u00e2mara Municipal de Castelo de Paiva\",\"isPartOf\":{\"@id\":\"https:\/\/cm-castelo-paiva-pro.globalskillmind.pt\/portal-turismo\/#website\"},\"primaryImageOfPage\":{\"@id\":\"https:\/\/cm-castelo-paiva-pro.globalskillmind.pt\/portal-turismo\/descobrir\/aldeias-de-portugal\/aldeias-em-xisto-de-midoes-e-gondarem\/#primaryimage\"},\"image\":{\"@id\":\"https:\/\/cm-castelo-paiva-pro.globalskillmind.pt\/portal-turismo\/descobrir\/aldeias-de-portugal\/aldeias-em-xisto-de-midoes-e-gondarem\/#primaryimage\"},\"thumbnailUrl\":\"https:\/\/cm-castelo-paiva-pro.globalskillmind.pt\/portal-turismo\/wp-content\/uploads\/sites\/2\/2024\/12\/250.original_resultado.jpg\",\"datePublished\":\"2025-02-06T10:54:58+00:00\",\"dateModified\":\"2025-02-07T09:57:19+00:00\",\"breadcrumb\":{\"@id\":\"https:\/\/cm-castelo-paiva-pro.globalskillmind.pt\/portal-turismo\/descobrir\/aldeias-de-portugal\/aldeias-em-xisto-de-midoes-e-gondarem\/#breadcrumb\"},\"inLanguage\":\"pt-PT\",\"potentialAction\":[{\"@type\":\"ReadAction\",\"target\":[\"https:\/\/cm-castelo-paiva-pro.globalskillmind.pt\/portal-turismo\/descobrir\/aldeias-de-portugal\/aldeias-em-xisto-de-midoes-e-gondarem\/\"]}]},{\"@type\":\"ImageObject\",\"inLanguage\":\"pt-PT\",\"@id\":\"https:\/\/cm-castelo-paiva-pro.globalskillmind.pt\/portal-turismo\/descobrir\/aldeias-de-portugal\/aldeias-em-xisto-de-midoes-e-gondarem\/#primaryimage\",\"url\":\"https:\/\/cm-castelo-paiva-pro.globalskillmind.pt\/portal-turismo\/wp-content\/uploads\/sites\/2\/2024\/12\/250.original_resultado.jpg\",\"contentUrl\":\"https:\/\/cm-castelo-paiva-pro.globalskillmind.pt\/portal-turismo\/wp-content\/uploads\/sites\/2\/2024\/12\/250.original_resultado.jpg\",\"width\":1440,\"height\":1920},{\"@type\":\"BreadcrumbList\",\"@id\":\"https:\/\/cm-castelo-paiva-pro.globalskillmind.pt\/portal-turismo\/descobrir\/aldeias-de-portugal\/aldeias-em-xisto-de-midoes-e-gondarem\/#breadcrumb\",\"itemListElement\":[{\"@type\":\"ListItem\",\"position\":1,\"name\":\"In\u00edcio\",\"item\":\"https:\/\/cm-castelo-paiva-pro.globalskillmind.pt\/portal-turismo\/\"},{\"@type\":\"ListItem\",\"position\":2,\"name\":\"Descobrir\",\"item\":\"https:\/\/cm-castelo-paiva-pro.globalskillmind.pt\/portal-turismo\/descobrir\/\"},{\"@type\":\"ListItem\",\"position\":3,\"name\":\"Aldeias de Portugal\",\"item\":\"https:\/\/cm-castelo-paiva-pro.globalskillmind.pt\/portal-turismo\/descobrir\/aldeias-de-portugal\/\"},{\"@type\":\"ListItem\",\"position\":4,\"name\":\"Aldeias em Xisto de Mid\u00f5es e Gondar\u00e9m\"}]},{\"@type\":\"WebSite\",\"@id\":\"https:\/\/cm-castelo-paiva-pro.globalskillmind.pt\/portal-turismo\/#website\",\"url\":\"https:\/\/cm-castelo-paiva-pro.globalskillmind.pt\/portal-turismo\/\",\"name\":\"Portal Turismo C\u00e2mara Municipal de Castelo de Paiva\",\"description\":\"\",\"potentialAction\":[{\"@type\":\"SearchAction\",\"target\":{\"@type\":\"EntryPoint\",\"urlTemplate\":\"https:\/\/cm-castelo-paiva-pro.globalskillmind.pt\/portal-turismo\/?s={search_term_string}\"},\"query-input\":\"required name=search_term_string\"}],\"inLanguage\":\"pt-PT\"}]}<\/script>\n<!-- \/ Yoast SEO plugin. -->","yoast_head_json":{"title":"Aldeias em Xisto de Mid\u00f5es e Gondar\u00e9m - Portal Turismo C\u00e2mara Municipal de Castelo de Paiva","robots":{"index":"noindex","follow":"follow","max-snippet":"max-snippet:-1","max-image-preview":"max-image-preview:large","max-video-preview":"max-video-preview:-1"},"og_locale":"pt_PT","og_type":"article","og_title":"Aldeias em Xisto de Mid\u00f5es e Gondar\u00e9m - Portal Turismo C\u00e2mara Municipal de Castelo de Paiva","og_description":"Os lugares de Mid\u00f5es e Gondar\u00e9m possuem a beleza caracter\u00edstica das aldeias serranas: Gondar\u00e9m, local prop\u00edcio a passeios pedestres, sobressai pelo conjunto de casas constru\u00eddas em xisto; Mid\u00f5es, lugar muito agrad\u00e1vel, implantado numa encosta com uma paisagem marcada pela muita vinha de enforcado existente. De ambas as aldeias, a vista sobre o Douro \u00e9 deslumbrante. [&hellip;]","og_url":"https:\/\/cm-castelo-paiva-pro.globalskillmind.pt\/portal-turismo\/descobrir\/aldeias-de-portugal\/aldeias-em-xisto-de-midoes-e-gondarem\/","og_site_name":"Portal Turismo C\u00e2mara Municipal de Castelo de Paiva","article_modified_time":"2025-02-07T09:57:19+00:00","og_image":[{"width":1440,"height":1920,"url":"https:\/\/cm-castelo-paiva-pro.globalskillmind.pt\/portal-turismo\/wp-content\/uploads\/sites\/2\/2024\/12\/250.original_resultado.jpg","type":"image\/jpeg"}],"twitter_card":"summary_large_image","twitter_misc":{"Tempo estimado de leitura":"1 minuto"},"schema":{"@context":"https:\/\/schema.org","@graph":[{"@type":"WebPage","@id":"https:\/\/cm-castelo-paiva-pro.globalskillmind.pt\/portal-turismo\/descobrir\/aldeias-de-portugal\/aldeias-em-xisto-de-midoes-e-gondarem\/","url":"https:\/\/cm-castelo-paiva-pro.globalskillmind.pt\/portal-turismo\/descobrir\/aldeias-de-portugal\/aldeias-em-xisto-de-midoes-e-gondarem\/","name":"Aldeias em Xisto de Mid\u00f5es e Gondar\u00e9m - Portal Turismo C\u00e2mara Municipal de Castelo de Paiva","isPartOf":{"@id":"https:\/\/cm-castelo-paiva-pro.globalskillmind.pt\/portal-turismo\/#website"},"primaryImageOfPage":{"@id":"https:\/\/cm-castelo-paiva-pro.globalskillmind.pt\/portal-turismo\/descobrir\/aldeias-de-portugal\/aldeias-em-xisto-de-midoes-e-gondarem\/#primaryimage"},"image":{"@id":"https:\/\/cm-castelo-paiva-pro.globalskillmind.pt\/portal-turismo\/descobrir\/aldeias-de-portugal\/aldeias-em-xisto-de-midoes-e-gondarem\/#primaryimage"},"thumbnailUrl":"https:\/\/cm-castelo-paiva-pro.globalskillmind.pt\/portal-turismo\/wp-content\/uploads\/sites\/2\/2024\/12\/250.original_resultado.jpg","datePublished":"2025-02-06T10:54:58+00:00","dateModified":"2025-02-07T09:57:19+00:00","breadcrumb":{"@id":"https:\/\/cm-castelo-paiva-pro.globalskillmind.pt\/portal-turismo\/descobrir\/aldeias-de-portugal\/aldeias-em-xisto-de-midoes-e-gondarem\/#breadcrumb"},"inLanguage":"pt-PT","potentialAction":[{"@type":"ReadAction","target":["https:\/\/cm-castelo-paiva-pro.globalskillmind.pt\/portal-turismo\/descobrir\/aldeias-de-portugal\/aldeias-em-xisto-de-midoes-e-gondarem\/"]}]},{"@type":"ImageObject","inLanguage":"pt-PT","@id":"https:\/\/cm-castelo-paiva-pro.globalskillmind.pt\/portal-turismo\/descobrir\/aldeias-de-portugal\/aldeias-em-xisto-de-midoes-e-gondarem\/#primaryimage","url":"https:\/\/cm-castelo-paiva-pro.globalskillmind.pt\/portal-turismo\/wp-content\/uploads\/sites\/2\/2024\/12\/250.original_resultado.jpg","contentUrl":"https:\/\/cm-castelo-paiva-pro.globalskillmind.pt\/portal-turismo\/wp-content\/uploads\/sites\/2\/2024\/12\/250.original_resultado.jpg","width":1440,"height":1920},{"@type":"BreadcrumbList","@id":"https:\/\/cm-castelo-paiva-pro.globalskillmind.pt\/portal-turismo\/descobrir\/aldeias-de-portugal\/aldeias-em-xisto-de-midoes-e-gondarem\/#breadcrumb","itemListElement":[{"@type":"ListItem","position":1,"name":"In\u00edcio","item":"https:\/\/cm-castelo-paiva-pro.globalskillmind.pt\/portal-turismo\/"},{"@type":"ListItem","position":2,"name":"Descobrir","item":"https:\/\/cm-castelo-paiva-pro.globalskillmind.pt\/portal-turismo\/descobrir\/"},{"@type":"ListItem","position":3,"name":"Aldeias de Portugal","item":"https:\/\/cm-castelo-paiva-pro.globalskillmind.pt\/portal-turismo\/descobrir\/aldeias-de-portugal\/"},{"@type":"ListItem","position":4,"name":"Aldeias em Xisto de Mid\u00f5es e Gondar\u00e9m"}]},{"@type":"WebSite","@id":"https:\/\/cm-castelo-paiva-pro.globalskillmind.pt\/portal-turismo\/#website","url":"https:\/\/cm-castelo-paiva-pro.globalskillmind.pt\/portal-turismo\/","name":"Portal Turismo C\u00e2mara Municipal de Castelo de Paiva","description":"","potentialAction":[{"@type":"SearchAction","target":{"@type":"EntryPoint","urlTemplate":"https:\/\/cm-castelo-paiva-pro.globalskillmind.pt\/portal-turismo\/?s={search_term_string}"},"query-input":"required name=search_term_string"}],"inLanguage":"pt-PT"}]}},"_links":{"self":[{"href":"https:\/\/cm-castelo-paiva-pro.globalskillmind.pt\/portal-turismo\/wp-json\/wp\/v2\/pages\/1141"}],"collection":[{"href":"https:\/\/cm-castelo-paiva-pro.globalskillmind.pt\/portal-turismo\/wp-json\/wp\/v2\/pages"}],"about":[{"href":"https:\/\/cm-castelo-paiva-pro.globalskillmind.pt\/portal-turismo\/wp-json\/wp\/v2\/types\/page"}],"author":[{"embeddable":true,"href":"https:\/\/cm-castelo-paiva-pro.globalskillmind.pt\/portal-turismo\/wp-json\/wp\/v2\/users\/1"}],"replies":[{"embeddable":true,"href":"https:\/\/cm-castelo-paiva-pro.globalskillmind.pt\/portal-turismo\/wp-json\/wp\/v2\/comments?post=1141"}],"version-history":[{"count":2,"href":"https:\/\/cm-castelo-paiva-pro.globalskillmind.pt\/portal-turismo\/wp-json\/wp\/v2\/pages\/1141\/revisions"}],"predecessor-version":[{"id":1718,"href":"https:\/\/cm-castelo-paiva-pro.globalskillmind.pt\/portal-turismo\/wp-json\/wp\/v2\/pages\/1141\/revisions\/1718"}],"up":[{"embeddable":true,"href":"https:\/\/cm-castelo-paiva-pro.globalskillmind.pt\/portal-turismo\/wp-json\/wp\/v2\/pages\/1139"}],"wp:featuredmedia":[{"embeddable":true,"href":"https:\/\/cm-castelo-paiva-pro.globalskillmind.pt\/portal-turismo\/wp-json\/wp\/v2\/media\/1019"}],"wp:attachment":[{"href":"https:\/\/cm-castelo-paiva-pro.globalskillmind.pt\/portal-turismo\/wp-json\/wp\/v2\/media?parent=1141"}],"curies":[{"name":"wp","href":"https:\/\/api.w.org\/{rel}","templated":true}]}}